{"id":18,"date":"2011-09-10T08:46:41","date_gmt":"2011-09-10T08:46:41","guid":{"rendered":"http:\/\/localhost:8888\/StiftStams\/?page_id=18"},"modified":"2012-05-24T11:43:00","modified_gmt":"2012-05-24T11:43:00","slug":"mutterkloster-kaisheim","status":"publish","type":"page","link":"https:\/\/www.stiftstams.at\/?page_id=18","title":{"rendered":"Mutterkloster Kaisheim"},"content":{"rendered":"<p>Das ehemalige Zisterzienserkloster Kaisheim war das Mutterkloster von Stift Stams.<\/p>\n<p>Die Gr\u00fcndung des Zisterzienserklosters Kaisheim geht auf das Jahr 1134 zur\u00fcck. Ge\u00fcbtes &#8222;Unternehmertum&#8220;, diplomatisches Geschick und gro\u00dfz\u00fcgige Schenkungen mehrten den Besitz, so dass trotz R\u00fcckschl\u00e4gen in Kriegszeiten Kirche und Klosteranlage immer wieder dem &#8222;Geist der Zeit&#8220; angepasst werden konnten.<\/p>\n<p>Die heutige Klosterbasilika, eine Tourismusattraktion in Kaisheim, entstand in der 2. H\u00e4lfte des 14. Jahrhunderts.<br \/>\nAnfang des 18. Jahrhunderts wurden die Klosterkirche und der pr\u00e4chtig ausgestattete Kaisersaal neu errichtet. Beides kann heute besichtigt werden.<\/p>\n<p>1816 wurde in dem w\u00e4hrend der S\u00e4kularisation aufgel\u00f6sten Kloster zuerst eine Zwangsanstalt und dann ein Zuchthaus eingerichtet. 1989 wurde die Dauerausstellung &#8222;Hinter Gittern&#8220; er\u00f6ffnet. In vier Bereiche gegliedert, kann der Besucher hier erfahren, wie sich die Form des Strafvollzuges im Verlauf der Jahrhunderte ge\u00e4ndert hat.<br \/>\nIm Zuge der S\u00e4kularisation ging das Kloster 1802 in den Besitz des Freistaates Bayern \u00fcber und wurde zur Justizvollzugsanstalt umfunktioniert.<\/p>","protected":false},"excerpt":{"rendered":"<p>Das ehemalige Zisterzienserkloster Kaisheim war das Mutterkloster von Stift Stams. Die Gr\u00fcndung des Zisterzienserklosters Kaisheim geht auf das Jahr 1134 zur\u00fcck. Ge\u00fcbtes &#8222;Unternehmertum&#8220;, diplomatisches Geschick und gro\u00dfz\u00fcgige Schenkungen mehrten den Besitz, so dass trotz R\u00fcckschl\u00e4gen in Kriegszeiten Kirche und Klosteranlage [&#8230;]<\/p>\n","protected":false},"author":3,"featured_media":0,"parent":15,"menu_order":0,"comment_status":"open","ping_status":"open","template":"","meta":[],"categories":[],"tags":[],"_links":{"self":[{"href":"https:\/\/www.stiftstams.at\/index.php?rest_route=\/wp\/v2\/pages\/18"}],"collection":[{"href":"https:\/\/www.stiftstams.at\/index.php?rest_route=\/wp\/v2\/pages"}],"about":[{"href":"https:\/\/www.stiftstams.at\/index.php?rest_route=\/wp\/v2\/types\/page"}],"author":[{"embeddable":true,"href":"https:\/\/www.stiftstams.at\/index.php?rest_route=\/wp\/v2\/users\/3"}],"replies":[{"embeddable":true,"href":"https:\/\/www.stiftstams.at\/index.php?rest_route=%2Fwp%2Fv2%2Fcomments&post=18"}],"version-history":[{"count":3,"href":"https:\/\/www.stiftstams.at\/index.php?rest_route=\/wp\/v2\/pages\/18\/revisions"}],"predecessor-version":[{"id":266,"href":"https:\/\/www.stiftstams.at\/index.php?rest_route=\/wp\/v2\/pages\/18\/revisions\/266"}],"up":[{"embeddable":true,"href":"https:\/\/www.stiftstams.at\/index.php?rest_route=\/wp\/v2\/pages\/15"}],"wp:attachment":[{"href":"https:\/\/www.stiftstams.at\/index.php?rest_route=%2Fwp%2Fv2%2Fmedia&parent=18"}],"wp:term":[{"taxonomy":"category","embeddable":true,"href":"https:\/\/www.stiftstams.at\/index.php?rest_route=%2Fwp%2Fv2%2Fcategories&post=18"},{"taxonomy":"post_tag","embeddable":true,"href":"https:\/\/www.stiftstams.at\/index.php?rest_route=%2Fwp%2Fv2%2Ftags&post=18"}],"curies":[{"name":"wp","href":"https:\/\/api.w.org\/{rel}","templated":true}]}}