{"id":20,"date":"2011-09-10T08:46:58","date_gmt":"2011-09-10T08:46:58","guid":{"rendered":"http:\/\/localhost:8888\/StiftStams\/?page_id=20"},"modified":"2023-04-18T12:08:03","modified_gmt":"2023-04-18T12:08:03","slug":"kunst-und-kultur","status":"publish","type":"page","link":"https:\/\/www.stiftstams.at\/?page_id=20","title":{"rendered":"Kunst und Kultur"},"content":{"rendered":"<p><img loading=\"lazy\" class=\"alignnone size-full wp-image-152\" title=\"kunst_und_kultur\" src=\"http:\/\/stiftstams.at.dd28716.kasserver.com\/wp-content\/uploads\/2011\/09\/kunst_und_kultur.jpg\" alt=\"\" width=\"960\" height=\"350\" srcset=\"https:\/\/www.stiftstams.at\/wp-content\/uploads\/2011\/09\/kunst_und_kultur.jpg 960w, https:\/\/www.stiftstams.at\/wp-content\/uploads\/2011\/09\/kunst_und_kultur-300x109.jpg 300w\" sizes=\"(max-width: 960px) 100vw, 960px\" \/><\/p>\n<h2>Bernardisaal<\/h2>\n<p align=\"justify\">Rechts des Mittelrisalits betritt man die Vorhalle des Pr\u00e4laturtraktes. Gegen\u00fcber der Pforte steht die wei\u00df gefa\u00dfte Figur der Maria Immaculata von Andreas K\u00f6ll aus der Zeit um 1725. Eine frei vorragende Treppenanlage f\u00fchrt in den ersten und zweiten Stock. Die pr\u00e4chtigen schmiedeeisernen Gitter stammen von Bernhard Bachnetzer um 1727. <a href=\"http:\/\/stiftstams.at.dd28716.kasserver.com\/?page_id=22\">mehr&#8230;<\/a><\/p>\n<h2>Heilig-Blut-Kapelle<\/h2>\n<p>Die Heilig-Blut-Kapelle stammt aus den Jahren 1715 &#8211; 1717. Nach den Pl\u00e4nen von Georg Anton Gumpp wurde die bereits bestehende Oswald-Milser-Kapelle (benannt nach dem in Stams verstorbenen Ritter Oswald Milser) aus den Anf\u00e4ngen des 14. Jhds. durch einen Neubau ersetzt. <a href=\"http:\/\/stiftstams.at.dd28716.kasserver.com\/?page_id=24\">mehr&#8230;<\/a><\/p>\n<h2 align=\"left\">Stiftskirche<\/h2>\n<p>Der Mittelpunkt der gesamten Klosteranlage und auch des kl\u00f6sterlichen Lebens ist die Stiftskirche. Seit September 1984 ist sie eine &#8222;basilica minor&#8220;. <a href=\"http:\/\/stiftstams.at.dd28716.kasserver.com\/?page_id=103\">mehr&#8230;<\/a><\/p>\n<h2>Inschriften in der Basilika Stams<\/h2>\n<p align=\"justify\">Jeder, der mit Stams, dem Stift oder den dazu geh\u00f6rigen Bildungseinrichtungen in irgend einer Weise verbunden ist, kennt auch die Basilika; wer aber beachtet die vielen Inschriften, die (zum Teil) in mittellateinischer Sprache an vielen Stellen angebracht sind? Sie h\u00e4ngen mit der Barockisierung zusammen und sind in vielerlei Hinsicht bemerkenswert: so spiegeln etwa die Inschriften an der Kanzel den ideologischen Kampf zwischen zwei theologischen Richtungen wider<a href=\"http:\/\/stiftstams.at.dd28716.kasserver.com\/?page_id=105\"> mehr&#8230;<\/a><\/p>\n<h2>Stiftsbibliothek und Archiv<\/h2>\n<p>In den schlichten, jedoch beeindruckenden und ehrw\u00fcrdigen R\u00e4umen der Stiftsbibliothek und des Archivs, deren Einrichtung aus der ersten H\u00e4lfte des 17. Jhds. stammt, werden an die 60.000 Buchb\u00e4nde, 379 Inkunabeln und 61 Handschriften aufbewahrt. <a href=\"http:\/\/stiftstams.at.dd28716.kasserver.com\/?page_id=107\">mehr&#8230;<\/a><\/p>\n<h2>Musik aus Stift Stams<\/h2>\n<p>Das Musikarchiv von Stift Stams verf\u00fcgt mit einem Bestand von heute etwa 3000 Musikhandschriften und Musikdrucken, vor allem aus dem 18. und 19. Jahrhundert, \u00fcber einzigartige Zeugnisse zur Musikgeschichte Tirols und dar\u00fcber hinaus. Sie belegen, nicht zuletzt mit zahlreiche Unikaten, die \u00fcberragende Stellung von Stift Stams in der Musikpflege des 18. Jahrhunderts im s\u00fcddeutsch-\u00f6sterreichischen Raum. Musik zum Gottesdienst, kammermusikalische, sinfonische und theatralische Werke kamen in Stams zur Auff\u00fchrung. Ausf\u00fchrende waren begabte Musiker aus dem Stamser Konvent, daneben Bedienstete sowie renommierte G\u00e4ste aus nah und fern, unter ihnen der angesehene b\u00f6hmische Komponist Johann Zach in den Jahren um 1770. Stefan Paluselli OCist. (1748-1805) war ein herausragender Komponist und Musiklehrer in Stams. <a href=\"http:\/\/stiftstams.at.dd28716.kasserver.com\/?page_id=109\">mehr&#8230;<\/a><\/p>\n<h2>Stamser Alm<\/h2>\n<p>Das Stift Stams war bereits zu Beginn seiner Gr\u00fcndung ein b\u00e4uerlicher und wirtschaftlicher Gro\u00dfbetrieb, der ausgedehnte Besitzungen in der n\u00e4heren und weiteren Umgebung des Stiftes sein Eigen nannte. Das Dorf Stams mit seiner auf 1873 m gelegenen Stamser Alm war nat\u00fcrlich auch im Besitz des Stiftes. Pr\u00e4lat Rogerius Sailer (1742 &#8211; 1766 Abt des Stiftes) lie\u00df auf dem Gebiet der oberhalb von Stams gelegenen Alm eine Kirche mit einem ger\u00e4umigen Wohnhaus f\u00fcr die Sommerfrische der Ordensbr\u00fcder erbauen.<\/p>","protected":false},"excerpt":{"rendered":"<p>Bernardisaal Rechts des Mittelrisalits betritt man die Vorhalle des Pr\u00e4laturtraktes. Gegen\u00fcber der Pforte steht die wei\u00df gefa\u00dfte Figur der Maria Immaculata von Andreas K\u00f6ll aus der Zeit um 1725. Eine frei vorragende Treppenanlage f\u00fchrt in den ersten und zweiten Stock. [&#8230;]<\/p>\n","protected":false},"author":3,"featured_media":152,"parent":0,"menu_order":3,"comment_status":"open","ping_status":"closed","template":"","meta":[],"categories":[],"tags":[],"_links":{"self":[{"href":"https:\/\/www.stiftstams.at\/index.php?rest_route=\/wp\/v2\/pages\/20"}],"collection":[{"href":"https:\/\/www.stiftstams.at\/index.php?rest_route=\/wp\/v2\/pages"}],"about":[{"href":"https:\/\/www.stiftstams.at\/index.php?rest_route=\/wp\/v2\/types\/page"}],"author":[{"embeddable":true,"href":"https:\/\/www.stiftstams.at\/index.php?rest_route=\/wp\/v2\/users\/3"}],"replies":[{"embeddable":true,"href":"https:\/\/www.stiftstams.at\/index.php?rest_route=%2Fwp%2Fv2%2Fcomments&post=20"}],"version-history":[{"count":17,"href":"https:\/\/www.stiftstams.at\/index.php?rest_route=\/wp\/v2\/pages\/20\/revisions"}],"predecessor-version":[{"id":4301,"href":"https:\/\/www.stiftstams.at\/index.php?rest_route=\/wp\/v2\/pages\/20\/revisions\/4301"}],"wp:featuredmedia":[{"embeddable":true,"href":"https:\/\/www.stiftstams.at\/index.php?rest_route=\/wp\/v2\/media\/152"}],"wp:attachment":[{"href":"https:\/\/www.stiftstams.at\/index.php?rest_route=%2Fwp%2Fv2%2Fmedia&parent=20"}],"wp:term":[{"taxonomy":"category","embeddable":true,"href":"https:\/\/www.stiftstams.at\/index.php?rest_route=%2Fwp%2Fv2%2Fcategories&post=20"},{"taxonomy":"post_tag","embeddable":true,"href":"https:\/\/www.stiftstams.at\/index.php?rest_route=%2Fwp%2Fv2%2Ftags&post=20"}],"curies":[{"name":"wp","href":"https:\/\/api.w.org\/{rel}","templated":true}]}}

<p><img loading="lazy" class="alignnone size-full wp-image-152" title="kunst_und_kultur" src="http://stiftstams.at.dd28716.kasserver.com/wp-content/uploads/2011/09/kunst_und_kultur.jpg" alt="" width="960" height="350" srcset="https://www.stiftstams.at/wp-content/uploads/2011/09/kunst_und_kultur.jpg 960w, https://www.stiftstams.at/wp-content/uploads/2011/09/kunst_und_kultur-300x109.jpg 300w" sizes="(max-width: 960px) 100vw, 960px" /></p>
<h2>Bernardisaal</h2>
<p align="justify">Rechts des Mittelrisalits betritt man die Vorhalle des Prälaturtraktes. Gegenüber der Pforte steht die weiß gefaßte Figur der Maria Immaculata von Andreas Köll aus der Zeit um 1725. Eine frei vorragende Treppenanlage führt in den ersten und zweiten Stock. Die prächtigen schmiedeeisernen Gitter stammen von Bernhard Bachnetzer um 1727. <a href="http://stiftstams.at.dd28716.kasserver.com/?page_id=22">mehr&#8230;</a></p>
<h2>Heilig-Blut-Kapelle</h2>
<p>Die Heilig-Blut-Kapelle stammt aus den Jahren 1715 &#8211; 1717. Nach den Plänen von Georg Anton Gumpp wurde die bereits bestehende Oswald-Milser-Kapelle (benannt nach dem in Stams verstorbenen Ritter Oswald Milser) aus den Anfängen des 14. Jhds. durch einen Neubau ersetzt. <a href="http://stiftstams.at.dd28716.kasserver.com/?page_id=24">mehr&#8230;</a></p>
<h2 align="left">Stiftskirche</h2>
<p>Der Mittelpunkt der gesamten Klosteranlage und auch des klösterlichen Lebens ist die Stiftskirche. Seit September 1984 ist sie eine &#8222;basilica minor&#8220;. <a href="http://stiftstams.at.dd28716.kasserver.com/?page_id=103">mehr&#8230;</a></p>
<h2>Inschriften in der Basilika Stams</h2>
<p align="justify">Jeder, der mit Stams, dem Stift oder den dazu gehörigen Bildungseinrichtungen in irgend einer Weise verbunden ist, kennt auch die Basilika; wer aber beachtet die vielen Inschriften, die (zum Teil) in mittellateinischer Sprache an vielen Stellen angebracht sind? Sie hängen mit der Barockisierung zusammen und sind in vielerlei Hinsicht bemerkenswert: so spiegeln etwa die Inschriften an der Kanzel den ideologischen Kampf zwischen zwei theologischen Richtungen wider<a href="http://stiftstams.at.dd28716.kasserver.com/?page_id=105"> mehr&#8230;</a></p>
<h2>Stiftsbibliothek und Archiv</h2>
<p>In den schlichten, jedoch beeindruckenden und ehrwürdigen Räumen der Stiftsbibliothek und des Archivs, deren Einrichtung aus der ersten Hälfte des 17. Jhds. stammt, werden an die 60.000 Buchbände, 379 Inkunabeln und 61 Handschriften aufbewahrt. <a href="http://stiftstams.at.dd28716.kasserver.com/?page_id=107">mehr&#8230;</a></p>
<h2>Musik aus Stift Stams</h2>
<p>Das Musikarchiv von Stift Stams verfügt mit einem Bestand von heute etwa 3000 Musikhandschriften und Musikdrucken, vor allem aus dem 18. und 19. Jahrhundert, über einzigartige Zeugnisse zur Musikgeschichte Tirols und darüber hinaus. Sie belegen, nicht zuletzt mit zahlreiche Unikaten, die überragende Stellung von Stift Stams in der Musikpflege des 18. Jahrhunderts im süddeutsch-österreichischen Raum. Musik zum Gottesdienst, kammermusikalische, sinfonische und theatralische Werke kamen in Stams zur Aufführung. Ausführende waren begabte Musiker aus dem Stamser Konvent, daneben Bedienstete sowie renommierte Gäste aus nah und fern, unter ihnen der angesehene böhmische Komponist Johann Zach in den Jahren um 1770. Stefan Paluselli OCist. (1748-1805) war ein herausragender Komponist und Musiklehrer in Stams. <a href="http://stiftstams.at.dd28716.kasserver.com/?page_id=109">mehr&#8230;</a></p>
<h2>Stamser Alm</h2>
<p>Das Stift Stams war bereits zu Beginn seiner Gründung ein bäuerlicher und wirtschaftlicher Großbetrieb, der ausgedehnte Besitzungen in der näheren und weiteren Umgebung des Stiftes sein Eigen nannte. Das Dorf Stams mit seiner auf 1873 m gelegenen Stamser Alm war natürlich auch im Besitz des Stiftes. Prälat Rogerius Sailer (1742 &#8211; 1766 Abt des Stiftes) ließ auf dem Gebiet der oberhalb von Stams gelegenen Alm eine Kirche mit einem geräumigen Wohnhaus für die Sommerfrische der Ordensbrüder erbauen.</p>

<p>Bernardisaal Rechts des Mittelrisalits betritt man die Vorhalle des Prälaturtraktes. Gegenüber der Pforte steht die weiß gefaßte Figur der Maria Immaculata von Andreas Köll aus der Zeit um 1725. Eine frei vorragende Treppenanlage führt in den ersten und zweiten Stock. [&#8230;]</p>
