{"id":2448,"date":"2018-05-16T12:11:32","date_gmt":"2018-05-16T12:11:32","guid":{"rendered":"http:\/\/www.stiftstams.at\/?page_id=2448"},"modified":"2025-07-21T08:36:17","modified_gmt":"2025-07-21T08:36:17","slug":"museum-stift-stams","status":"publish","type":"page","link":"https:\/\/www.stiftstams.at\/?page_id=2448","title":{"rendered":"Museum Stift Stams"},"content":{"rendered":"<div class=\"widget-article article-event article-event-detail\">\n<div class=\"container\">\n<div class=\"news-fullpage\">\n<article class=\"post\">\n<div class=\"row\">\n<div class=\"col-md-6\">\n<div class=\"entry-content\">\n<p><img loading=\"lazy\" class=\"aligncenter wp-image-5114\" src=\"http:\/\/www.stiftstams.at\/wp-content\/uploads\/2025\/07\/20250718_101605-1024x473.jpg\" alt=\"\" width=\"1254\" height=\"579\" srcset=\"https:\/\/www.stiftstams.at\/wp-content\/uploads\/2025\/07\/20250718_101605-1024x473.jpg 1024w, https:\/\/www.stiftstams.at\/wp-content\/uploads\/2025\/07\/20250718_101605-300x139.jpg 300w, https:\/\/www.stiftstams.at\/wp-content\/uploads\/2025\/07\/20250718_101605-768x355.jpg 768w, https:\/\/www.stiftstams.at\/wp-content\/uploads\/2025\/07\/20250718_101605-1536x710.jpg 1536w, https:\/\/www.stiftstams.at\/wp-content\/uploads\/2025\/07\/20250718_101605-2048x946.jpg 2048w\" sizes=\"(max-width: 1254px) 100vw, 1254px\" \/><\/p>\n<\/div>\n<\/div>\n<\/div>\n<\/article>\n<\/div>\n<\/div>\n<\/div>\n<p>&nbsp;<\/p>\n<p>Das Museum Stift Stams pr\u00e4sentiert in einer Dauerausstellung einen Querschnitt durch die in vielerlei Hinsicht bedeutsamen Sammlungen des Stiftes. Sie dokumentieren die Vernetzung des Klosters mit der Tiroler Landesgeschichte, die politische und geistliche Bedeutung der Oberinntaler Zisterzienserabtei, aber auch die k\u00fcnstlerischen, geistigen und wissenschaftlichen Leistungen der Ordensangeh\u00f6rigen und der mit Stams verbundenen K\u00fcnstler.<\/p>\n<p>Die Ausstellung versteht sich dabei nicht als Kunstmuseum in klassischen Sinn. Sie will vielmehr ein Eintauchen in die Farbigkeit und Vielfalt einer monastischen Existenz erm\u00f6glichen, sie will Blicke in vergangene und gegenw\u00e4rtige Zeiten werfen und damit dem Erbe und Auftrag der Klostergr\u00fcnder nachkommen, Begegnungsst\u00e4tte zwischen Gestern und Heute, zwischen Vertrautem und Fremdem, zwischen Gott und Mensch zu sein.<\/p>\n<p>Das Museum k\u00f6nnen Sie von Juni bis September (Montag geschlossen) einzeln oder im Rahmen der <a href=\"http:\/\/www.stiftstams.at\/?page_id=9\">Stiftsf\u00fchrung<\/a>\u00a0besuchen. Von Oktober bis Mai ist die Besichtigung nur mit\u00a0der <a href=\"http:\/\/www.stiftstams.at\/?page_id=9\">Stiftsf\u00fchrung<\/a> m\u00f6glich.<\/p>\n<p><strong>\u00d6ffnungszeiten:\u00a0\u00a0<\/strong><\/p>\n<p>Juni bis September: Dienstag \u2013 Samstag von 10:00 Uhr bis 12:00 Uhr und<br \/>\nvon 13:00 bis 17:00 Uhr<br \/>\nSonntag und Feiertag von 13:00 bis 17:00 Uhr<br \/>\nAm Montag ist das Museum geschlossen!<\/p>\n<p>Oktober bis Mai: Das Museum kann in dieser Zeit nur im Rahmen der Stiftsf\u00fchrung besichtigt werden,<strong><em>\u00a0<\/em><\/strong>diese findet jeden Donnerstag um 16 Uhr statt.<\/p>\n<p>&nbsp;<\/p>\n<p><strong>Juli 2025\u00a0 &#8211; Die Kunstsammlung w\u00e4chst<\/strong><\/p>\n<p>Die Zisterzienserabtei Stift Stams besitzt mit seiner Kunstsammlung einen reichen Bestand an Gem\u00e4lden, Skulpturen und Zeichnungen sowie Werke des Kunsthandwerks in Gold und Silber, Textilien und M\u00f6bel.<\/p>\n<p>Wertvolle Nachl\u00e4sse von K\u00fcnstlern wie Joseph Sch\u00f6pf aus Telfs (1745-1822), Hugo Engl aus Lienz, gest. in Silz (1857-1926), Thomas Riss aus Stams (1871-1959) und Otto Flechtenmacher aus Kronstadt (1897-1982), der in M\u00f6sern seine Impressionen der heimischen Landschaft geschaffen hat, verwahrt die Kunstsammlung und pr\u00e4sentiert sie der \u00d6ffentlichkeit.<\/p>\n<p>Das Museum lebt auch von Schenkungen und Erwerbungen. F\u00fcnf Landschaftsgem\u00e4lde von Otto Flechtenmacher wurden k\u00fcrzlich von Frau Raute Dre\u00dfler in M\u00fcnchen-Pasing dem Stift gewidmet. Frau Angelika Dieckmann aus Passau \u00fcbergab f\u00fcnf wertvolle russische Ikonen aus dem sp\u00e4ten 18. und 19. Jahrhundert als Geschenke dem Stift.<\/p>\n<p>Aus amerikanischem Privatbesitz konnte ein bedeutendes Werk von Thomas Riss durch den Freundeskreises Stift Stams erworben werden. Thomas Riss wirkte bis 1926 in Meran, wo er die \u201eMadonna in Glorie\u201c malte. Das Werk wurde vom Eduard Fischer, Bruder von Paula Knittel geb. Fischer vor 1933 erworben und 1948 an seine Schwester nach St. Louis geschickt.<br \/>\nNun kommt dieses Werk wieder in die Tiroler Heimat zur\u00fcck.<\/p>\n<p>&nbsp;<\/p>\n<p>&nbsp;<\/p>","protected":false},"excerpt":{"rendered":"<p>&nbsp; Das Museum Stift Stams pr\u00e4sentiert in einer Dauerausstellung einen Querschnitt durch die in vielerlei Hinsicht bedeutsamen Sammlungen des Stiftes. Sie dokumentieren die Vernetzung des Klosters mit der Tiroler Landesgeschichte, die politische und geistliche Bedeutung der Oberinntaler Zisterzienserabtei, aber auch [&#8230;]<\/p>\n","protected":false},"author":3,"featured_media":2454,"parent":0,"menu_order":0,"comment_status":"closed","ping_status":"closed","template":"","meta":[],"categories":[],"tags":[],"_links":{"self":[{"href":"https:\/\/www.stiftstams.at\/index.php?rest_route=\/wp\/v2\/pages\/2448"}],"collection":[{"href":"https:\/\/www.stiftstams.at\/index.php?rest_route=\/wp\/v2\/pages"}],"about":[{"href":"https:\/\/www.stiftstams.at\/index.php?rest_route=\/wp\/v2\/types\/page"}],"author":[{"embeddable":true,"href":"https:\/\/www.stiftstams.at\/index.php?rest_route=\/wp\/v2\/users\/3"}],"replies":[{"embeddable":true,"href":"https:\/\/www.stiftstams.at\/index.php?rest_route=%2Fwp%2Fv2%2Fcomments&post=2448"}],"version-history":[{"count":27,"href":"https:\/\/www.stiftstams.at\/index.php?rest_route=\/wp\/v2\/pages\/2448\/revisions"}],"predecessor-version":[{"id":5123,"href":"https:\/\/www.stiftstams.at\/index.php?rest_route=\/wp\/v2\/pages\/2448\/revisions\/5123"}],"wp:featuredmedia":[{"embeddable":true,"href":"https:\/\/www.stiftstams.at\/index.php?rest_route=\/wp\/v2\/media\/2454"}],"wp:attachment":[{"href":"https:\/\/www.stiftstams.at\/index.php?rest_route=%2Fwp%2Fv2%2Fmedia&parent=2448"}],"wp:term":[{"taxonomy":"category","embeddable":true,"href":"https:\/\/www.stiftstams.at\/index.php?rest_route=%2Fwp%2Fv2%2Fcategories&post=2448"},{"taxonomy":"post_tag","embeddable":true,"href":"https:\/\/www.stiftstams.at\/index.php?rest_route=%2Fwp%2Fv2%2Ftags&post=2448"}],"curies":[{"name":"wp","href":"https:\/\/api.w.org\/{rel}","templated":true}]}}

<div class="widget-article article-event article-event-detail">
<div class="container">
<div class="news-fullpage">
<article class="post">
<div class="row">
<div class="col-md-6">
<div class="entry-content">
<p><img loading="lazy" class="aligncenter wp-image-5114" src="http://www.stiftstams.at/wp-content/uploads/2025/07/20250718_101605-1024x473.jpg" alt="" width="1254" height="579" srcset="https://www.stiftstams.at/wp-content/uploads/2025/07/20250718_101605-1024x473.jpg 1024w, https://www.stiftstams.at/wp-content/uploads/2025/07/20250718_101605-300x139.jpg 300w, https://www.stiftstams.at/wp-content/uploads/2025/07/20250718_101605-768x355.jpg 768w, https://www.stiftstams.at/wp-content/uploads/2025/07/20250718_101605-1536x710.jpg 1536w, https://www.stiftstams.at/wp-content/uploads/2025/07/20250718_101605-2048x946.jpg 2048w" sizes="(max-width: 1254px) 100vw, 1254px" /></p>
</div>
</div>
</div>
</article>
</div>
</div>
</div>
<p>&nbsp;</p>
<p>Das Museum Stift Stams präsentiert in einer Dauerausstellung einen Querschnitt durch die in vielerlei Hinsicht bedeutsamen Sammlungen des Stiftes. Sie dokumentieren die Vernetzung des Klosters mit der Tiroler Landesgeschichte, die politische und geistliche Bedeutung der Oberinntaler Zisterzienserabtei, aber auch die künstlerischen, geistigen und wissenschaftlichen Leistungen der Ordensangehörigen und der mit Stams verbundenen Künstler.</p>
<p>Die Ausstellung versteht sich dabei nicht als Kunstmuseum in klassischen Sinn. Sie will vielmehr ein Eintauchen in die Farbigkeit und Vielfalt einer monastischen Existenz ermöglichen, sie will Blicke in vergangene und gegenwärtige Zeiten werfen und damit dem Erbe und Auftrag der Klostergründer nachkommen, Begegnungsstätte zwischen Gestern und Heute, zwischen Vertrautem und Fremdem, zwischen Gott und Mensch zu sein.</p>
<p>Das Museum können Sie von Juni bis September (Montag geschlossen) einzeln oder im Rahmen der <a href="http://www.stiftstams.at/?page_id=9">Stiftsführung</a> besuchen. Von Oktober bis Mai ist die Besichtigung nur mit der <a href="http://www.stiftstams.at/?page_id=9">Stiftsführung</a> möglich.</p>
<p><strong>Öffnungszeiten:  </strong></p>
<p>Juni bis September: Dienstag – Samstag von 10:00 Uhr bis 12:00 Uhr und<br />
von 13:00 bis 17:00 Uhr<br />
Sonntag und Feiertag von 13:00 bis 17:00 Uhr<br />
Am Montag ist das Museum geschlossen!</p>
<p>Oktober bis Mai: Das Museum kann in dieser Zeit nur im Rahmen der Stiftsführung besichtigt werden,<strong><em> </em></strong>diese findet jeden Donnerstag um 16 Uhr statt.</p>
<p>&nbsp;</p>
<p><strong>Juli 2025  &#8211; Die Kunstsammlung wächst</strong></p>
<p>Die Zisterzienserabtei Stift Stams besitzt mit seiner Kunstsammlung einen reichen Bestand an Gemälden, Skulpturen und Zeichnungen sowie Werke des Kunsthandwerks in Gold und Silber, Textilien und Möbel.</p>
<p>Wertvolle Nachlässe von Künstlern wie Joseph Schöpf aus Telfs (1745-1822), Hugo Engl aus Lienz, gest. in Silz (1857-1926), Thomas Riss aus Stams (1871-1959) und Otto Flechtenmacher aus Kronstadt (1897-1982), der in Mösern seine Impressionen der heimischen Landschaft geschaffen hat, verwahrt die Kunstsammlung und präsentiert sie der Öffentlichkeit.</p>
<p>Das Museum lebt auch von Schenkungen und Erwerbungen. Fünf Landschaftsgemälde von Otto Flechtenmacher wurden kürzlich von Frau Raute Dreßler in München-Pasing dem Stift gewidmet. Frau Angelika Dieckmann aus Passau übergab fünf wertvolle russische Ikonen aus dem späten 18. und 19. Jahrhundert als Geschenke dem Stift.</p>
<p>Aus amerikanischem Privatbesitz konnte ein bedeutendes Werk von Thomas Riss durch den Freundeskreises Stift Stams erworben werden. Thomas Riss wirkte bis 1926 in Meran, wo er die „Madonna in Glorie“ malte. Das Werk wurde vom Eduard Fischer, Bruder von Paula Knittel geb. Fischer vor 1933 erworben und 1948 an seine Schwester nach St. Louis geschickt.<br />
Nun kommt dieses Werk wieder in die Tiroler Heimat zurück.</p>
<p>&nbsp;</p>
<p>&nbsp;</p>

<p>&nbsp; Das Museum Stift Stams präsentiert in einer Dauerausstellung einen Querschnitt durch die in vielerlei Hinsicht bedeutsamen Sammlungen des Stiftes. Sie dokumentieren die Vernetzung des Klosters mit der Tiroler Landesgeschichte, die politische und geistliche Bedeutung der Oberinntaler Zisterzienserabtei, aber auch [&#8230;]</p>
